what is 7 + 1605637?
1605646
In base 8, what is 1 + 112436306?
112436307
In base 10, what is 399 - -2579055?
2579454
In base 11, what is -880907 - -44?
-880873
In base 6, what is -232 + -313211?
-313443
In base 6, what is 1251011401 + 10?
1251011411
In base 13, what is 20 + 8b448b9?
8b44909
In base 10, what is -83695 + -17?
-83712
In base 8, what is 6735 - -140533?
147470
In base 11, what is -11 - 84080?
-84091
In base 9, what is -87260651 - -1?
-87260650
In base 13, what is 208b3 + 133?
20a16
In base 5, what is 10 - -13223012110?
13223012120
In base 8, what is 3470244 + 10?
3470254
In base 14, what is a40 + 4460?
50a0
In base 8, what is -54 + 46722?
46646
In base 2, what is -10011000110000010000 + 1010111?
-10011000101110111001
In base 15, what is -25 - 4456e2?
-445717
In base 13, what is 68557 + 87?
68611
In base 10, what is 16 + -6027517?
-6027501
In base 5, what is -10103301140 - -14?
-10103301121
In base 14, what is 3 - -3d73653?
3d73656
In base 13, what is 5 - -15a024?
15a029
In base 4, what is -1121313333 + 332?
-1121313001
In base 10, what is 7 - -62132793?
62132800
In base 3, what is 11 - -12102221112221011?
12102221112221022
In base 10, what is 21 - 12454285?
-12454264
In base 13, what is 12a - 35203?
-350a6
In base 3, what is 1111012122121 + -10?
1111012122111
In base 14, what is -46 - 1463aa?
-146412
In base 16, what is -6 - -2dc2a?
2dc24
In base 4, what is -20 + 111003102023?
111003102003
In base 2, what is -1000100100111111101 + -100100?
-1000100101000100001
In base 12, what is -1151 + 7013?
5a82
In base 16, what is -c246b3 + 5?
-c246ae
In base 13, what is a51 + -263c?
-18bb
In base 16, what is 6c + -149eb?
-1497f
In base 11, what is -17a6 - -a144?
8449
In base 16, what is b13 - 311?
802
In base 14, what is 561a35 + -5?
561a30
In base 8, what is 143 + -677046?
-676703
In base 10, what is -122061212 - 2?
-122061214
In base 15, what is 14cb - 1882?
-3a6
In base 4, what is -301030312111 - 0?
-301030312111
In base 15, what is -427d8a4 + -4?
-427d8a8
In base 12, what is 1a063 - -53?
1a0b6
In base 16, what is 3246 + -e25?
2421
In base 12, what is -1099801a1 - -2?
-10998019b
In base 8, what is -5 + 1070161272?
1070161265
In base 11, what is 17354 - -7972?
24216
In base 15, what is -240 + -7c929?
-7cb69
In base 6, what is -14 - -330004?
325550
In base 10, what is 12054108 + 2?
12054110
In base 6, what is 244115 - 1321?
242354
In base 8, what is -304531570 + -3?
-304531573
In base 7, what is 234066213 - -5?
234066221
In base 7, what is -12541 + -313466?
-326340
In base 7, what is 2515124 - -1620?
2520044
In base 3, what is -1101 + -222101112120?
-222101120221
In base 12, what is -4264a42 - 18?
-4264a5a
In base 7, what is 65 + -11340?
-11242
In base 14, what is -d25 - -750?
-5b5
In base 2, what is 110011110111110 - -110000101000?
111001111100110
In base 8, what is -4 - -71453072?
71453066
In base 11, what is 17 + 32599a?
325a06
In base 4, what is 20131110 - -131011?
20322121
In base 11, what is 2175 + 734?
28a9
In base 4, what is 1030223102 - 10202?
1030212300
In base 16, what is -54 - -82566?
82512
In base 4, what is 23033 - -23000130?
23023223
In base 13, what is 4 - 3c2c0?
-3c2b9
In base 5, what is -1102 + -22321144?
-22322301
In base 16, what is 204560 - 0?
204560
In base 5, what is -10113114 - 14?
-10113133
In base 14, what is 22320d - -15?
223224
In base 13, what is -19289 - 426?
-196b2
In base 15, what is 2a52a - 40?
2a4da
In base 11, what is 116810991 + -4?
116810988
In base 15, what is 1 - d4ca9b1?
-d4ca9b0
In base 3, what is 2 - 11202211111202?
-11202211111200
In base 15, what is 2eb7 - -8ae9?
bab1
In base 13, what is 5 - 3b12770?
-3b12768
In base 10, what is 321666619 + -3?
321666616
In base 3, what is -21 - -1001222022212201?
1001222022212110
In base 9, what is 17 + -1282083?
-1282065
In base 11, what is -1617010 - 7?
-1617017
In base 2, what is 1110 + -111100011111101?
-111100011101111
In base 12, what is -29738982 - 2?
-29738984
In base 3, what is -1022012221200211211 - 0?
-1022012221200211211
In base 2, what is 1 + 110111001101100011001?
110111001101100011010
In base 9, what is -8055 + -7310?
-16365
In base 13, what is -453 + a716?
a293
In base 14, what is 107b6 - 74?
10742
In base 15, what is -3 + 269a6e6?
269a6e3
In base 9, what is 21471264 + 1?
21471265
In base 11, what is -2003a6 + 8?
-200399
In base 11, what is 0 - -10a2041?
10a2041
In base 16, what is bbfa + -3?
bbf7
In base 14, what is -17 + 3d19c?
3d185
In base 16, what is 4aecb6 - 19?
4aec9d
In base 16, what is -4f8a6 - -13f?
-4f767
In base 3, what is 12210112120121 - 220?
12210112112201
In base 11, what is -853 - -8a33?
8190
In base 4, what is -13 + 103202203333?
103202203320
In base 10, what is -6366937 + -5?
-6366942
In base 9, what is 78403400 + 1?
78403401
In base 16, what is -22517 + -280?
-22797
In base 3, what is 1001221 + 11110221212?
11112000210
In base 13, what is -292 - 773c9?
-7768b
In base 3, what is -100120 + -12002020202101?
-12002021002221
In base 2, what is -1101110011000100 + -101111011?
-1101111000111111
In base 7, what is 101436550 - -210?
101440060
In base 12, what is 11533 - -1a86?
133b9
In base 5, what is 4322031 - 30141?
4241340
In base 6, what is -4 - 410240525?
-410240533
In base 6, what is -33352 + 55255?
21503
In base 9, what is -3 - 21672877?
-21672881
In base 6, what is -20 - 1410021?
-1410041
In base 5, what is 34244 + 23401?
113200
In base 15, what is -b7 - 32955?
-32a1c
In base 14, what is 10b0 - -9bb4?
ac84
In base 14, what is 23b135b + 4?
23b1361
In base 2, what is -11100010101001101001100000 + 111?
-11100010101001101001011001
In base 15, what is 2 + -609176?
-609174
In base 2, what is -101110 + -1010100110000011?
-1010100110110001
In base 12, what is 38b79 - -1a90?
3aa49
In base 4, what is 1 + -22031003231?
-22031003230
In base 12, what is -1b49baa + -5?
-1b49bb3
In base 14, what is 25 - d2d8b?
-d2d66
In base 7, what is -220451 + -1356?
-222140
In base 15, what is -ad - 826305?
-8263b3
In base 11, what is 46a58 + -3a9?
4665a
In base 6, what is 12202 - -1345?
13551
In base 4, what is -201331332031 - 1?
-201331332032
In base 6, what is -2400 - 232552?
-235352
In base 16, what is -e1409 - 4?
-e140d
In base 6, what is 3432331042 - -3?
3432331045
In base 14, what is 8dd9957 + -3?
8dd9954
In base 9, what is 7 + 403507?
403515
In base 5, what is 14030404341 - 10?
14030404331
In base 4, what is -1001 - -2011010122?
2011003121
In base 8, what is -4 - 11425006?
-11425012
In base 4, what is 131323121112 + 3?
131323121121
In base 10, what is -6834115 + 10?
-6834105
In base 5, what is 12110131 + 1430?
12112111
In base 11, what is -10 - -462a75?
462a65
In base 13, what is 3705a1 - -48?
370619
In base 14, what is 2 + -499d963?
-499d961
In base 11, what is 489 + -1a5138?
-1a475a
In base 12, what is 5b88a - -635?
60303
In base 16, what is 1a1ff - 1c?
1a1e3
In base 12, what is 272 - 40aa2?
-40830
In base 15, what is 1ce + 24636?
24815
In base 7, what is 143613326 - -20?
143613346
In base 8, what is 507 - 200623?
-200114
In base 15, what is 2ab68b - -5?
2ab691
In base 11, what is 139116a1 + 2?
139116a3
In base 12, what is 4 + -1110b12?
-1110b0a
In base 7, what is -35 + 20664411?
20664343
In base 9, what is 1702624 + -30?
1702584
In base 9, what is 0 + -11244215?
-11244215
In base 5, what is 1 - 143340040213?
-143340040212
In base 10, what is -9 + 10613796?
10613787
In base 15, what is -31e - -128b?
e6c
In base 12, what is 137096 + -14b?
136b47
In base 3, what is -1000112021022221 - 222?
-1000112021100220
In base 8, what is 171 + 31606?
31777
In base 5, what is -40 - -1240010124?
1240010034
In base 15, what is ccc - -ac37?
ba14
In base 3, what is -1221 - -11200101021?
11200022100
In base 16, what is 4 - -cc22c?
cc230
In base 5, what is 42440 - -113?
43103
In base 14, what is 3 - -2aa563?
2aa566
In base 15, what is -8c8 + 330e?
2936
In base 15, what is 4 + -53565?
-53561
In base 13, what is -6556 - 7831?
-11087
In base 3, what is 1211221 - -202121021?
211110012
In base 12, what is -248b4b12 - -4?
-248b4b0a
In base 4, what is 111013213203 - 1?
111013213202
In base 11, what is 40 - -22949?
22989
In base 2, what is -10111 + 100011111001100111101?
100011111001100100110
In base 9, what is -3 + -14176672?
-14176675
In base 11, what is -11099 + 2692?
-